Let r = -21943 + 22593. Suppose 3*f + 0*f - 39 = 0. Calculate the greatest common divisor of r and f.
13
Let u be (-2 + 0)*(-1)/(-2). Let i be 2*((-9)/u)/3. Let v be 162/((-99)/(-11))*(-15)/(-9). Calculate the greatest common factor of i and v.
6
Let z(q) = -2*q**3 - 8*q**2 - 8*q - 22. Suppose -12*c = -154 + 202. Let p be z(c). What is the highest common divisor of p and 110?
10
Suppose 144*m = 134*m + 30300. What is the greatest common divisor of 30 and m?
30
Let o(k) = -1677*k - 8687. Let u be o(-10). Calculate the greatest common factor of 59 and u.
59
Suppose 0 = 3*m + 24, 17*g - 5*m - 680 = 15*g. What is the greatest common divisor of 5 and g?
5
Let l be ((-10)/4 - -2)/(6/17280*-2). Calculate the greatest common divisor of 1120 and l.
80
Suppose 0 = -4*c + 4*t - 6*t - 24, c = -2*t - 12. Let g(y) = -4*y**3 - 2*y**2 + 6*y. Let i be g(c). Calculate the highest common divisor of i and 120.
40
Let s = 25 - 13. Let i be 4 - (s*30)/(-5). Calculate the highest common factor of 380 and i.
76
Let j = 796 + -490. Let q = -278 + j. Calculate the highest common factor of 21 and q.
7
Let j(c) = c**2 - 9*c. Let x be j(9). Suppose -w = -x*w. Let t be -1 - w/4 - -4. What is the greatest common factor of t and 9?
3
Let u(q) = -4*q**2 + q + 5. Let t be u(-3). Let p = t - -52. Let z be p - -8*5/10. Calculate the highest common factor of 2 and z.
2
Let d(n) = -2*n + 4. Let g be d(-4). Suppose -16*r - 1132 = 276. Let b = 100 + r. Calculate the highest common divisor of b and g.
12
Suppose 267*f = 279*f - 30636. What is the highest common factor of f and 69?
69
Suppose -308*o + 600 = -303*o. Let z be 432/o + 9/(-15). Let t be (1 - 2)*1 + 40. What is the highest common factor of z and t?
3
Suppose 49*u = -3*u + 10 + 94. Calculate the greatest common divisor of 386 and u.
2
Let y(h) = h**3 + 17*h**2 - 63*h - 62. Let g be y(-19). What is the highest common divisor of g and 295?
59
Let d(a) = 10*a + 270. Let m be d(-27). Suppose -3*w - 13*w + 4816 = m. Calculate the greatest common divisor of 172 and w.
43
Suppose -20*r + 14 = -13*r. Suppose -4*h = -7*h - r*n + 219, 3*n = -9. Calculate the greatest common factor of h and 60.
15
Let v = -639 - -246. Let j = -327 - v. Calculate the highest common divisor of 154 and j.
22
Suppose 3*l - 183 = 186. Let r be 5 - 3 - 5 - (15 + -182). What is the highest common factor of l and r?
41
Let z be (11/33)/(-3 + (-2020)/(-672)). What is the highest common factor of 644 and z?
28
Let g(z) = -2*z + 19. Let j be g(8). Suppose h + j = 5*a, 2*a + 3*h - 11 = -3*a. Let s be (a - (-4 - 28)) + 3. Calculate the greatest common divisor of 9 and s.
9
Suppose -2*z + 176 = 3*y, -z - 16*y + 19*y = -88. Suppose 44 = 6*r - 220. What is the highest common divisor of z and r?
44
Suppose 65 = 7*n - 292. Calculate the highest common factor of n and 1275.
51
Let z(n) = 0*n**3 + 3*n**3 + 14*n**2 + 0*n**3 + 23*n - 2 - 2*n**3. Let b be z(-11). Calculate the highest common divisor of 81 and b.
27
Let n be 2/4 - 91/(-26). Let x = 6 + n. Suppose -2*v + 8 = -f - 5*v, -5*f = 5*v - x. Calculate the highest common divisor of f and 21.
7
Suppose -61*q = -65*q - h + 113, -3*q + 87 = 3*h. Calculate the greatest common factor of 812 and q.
28
Let g = -8519 + 8694. Calculate the greatest common divisor of g and 1295.
35
Suppose 0 = 3*v - 0*v + 2*w - 455, 5*v = 3*w + 752. Let b = v - 149. Calculate the greatest common divisor of 30 and b.
2
Suppose -t + 14 + 4 = -4*n, -4*t - 2*n = 0. Suppose 28 + 60 = -t*u. Let l = u + 70. Calculate the highest common factor of 13 and l.
13
Suppose -n + 3*p = -3570, -3*n = -p + 3750 - 14508. Calculate the greatest common factor of n and 312.
156
Let p(g) = -19*g**3 - 4*g**2 - 8*g - 2. Let y be p(-2). Let j be (-15)/25 + (-102492)/(-195). What is the highest common factor of y and j?
75
Let u = 9156 + -9100. Calculate the highest common factor of u and 3712.
8
Let h(d) = 15*d + 71. Let z be h(-4). Let b(i) = -i**2 + 8*i + 38. Let o be b(z). Let t be 2 - -1*53 - 0. What is the greatest common factor of t and o?
5
Let r be (-17 - -15)/((-4)/8). Suppose r*i = -i + 255. What is the highest common divisor of 51 and i?
51
Suppose 10*h - 19 = -3*g + 5*h, 4*g + 4*h - 28 = 0. Suppose 5*b = u - 95, -11*b = -7*b - g. Calculate the greatest common factor of u and 60.
15
Let u(v) = -v**3 + 103*v**2 - 84*v - 1262. Let i be u(102). What is the highest common factor of i and 14?
14
Let h(q) = -6*q + 97 + 6*q**2 - 91 + 17*q. Let k be h(6). Let u = -20 + 56. What is the greatest common factor of u and k?
36
Let z = -716 + 371. Let c = -273 - z. What is the highest common divisor of 252 and c?
36
Let k = -806 - -800. Let x be (-118)/(-5) - k/15*1. Calculate the greatest common divisor of 8 and x.
8
Suppose 12*u + 19*u + u = 149600. Calculate the greatest common divisor of u and 1309.
187
Let a = -20 - -21. Suppose 25 = -5*z, 3*o - 4*z + 9*z + a = 0. Let c be (36/(-15) - -2)*-5. Calculate the highest common factor of o and c.
2
Suppose -4270*g = -4282*g + 612. Suppose 0 = -3*v + 2*x + 46 + 417, -151 = -v - x. What is the greatest common factor of v and g?
51
Suppose -52*m = -21*m + 43*m - 4588. What is the highest common divisor of m and 7781?
31
Let k be (2 - 2) + 1 + (-19 - -15). Let d(w) = w**3 + 4*w**2 - 10*w - 7. Let m be d(k). What is the highest common divisor of m and 224?
32
Suppose 2*k + 448 = -2*k. Let l be ((-30)/(-4))/((-12)/k). Let v be ((-1425)/(-38))/(6/(-14))*-2. What is the greatest common divisor of v and l?
35
Let y = -2389 - -2449. What is the highest common factor of y and 828?
12
Suppose s + 3*k - 157 = -s, 2*k = -3*s + 248. Let g be ((-8)/40)/((-1293)/645 + 2). Calculate the highest common factor of g and s.
43
Let i(o) = 2*o**3 + 8*o**2 - 6*o - 7. Let u be i(-5). Suppose 7*z - 561 = -10*z. Let d = u + z. Calculate the greatest common divisor of d and 30.
6
Let z(v) = -v**2 - 7*v + 49. Let o be z(-11). Suppose -16*k - 56 + 216 = 0. What is the highest common divisor of k and o?
5
Let w = 44 + -38. Let t = w + -4. Let q be t + 453*(-8)/(-12). What is the greatest common factor of 38 and q?
38
Let t = -448 - -677. Let n = 237 - t. Calculate the highest common factor of 88 and n.
8
Let h(g) = g**3 + 24*g**2 - 5*g - 35. Let t be h(-24). Let p = 98 + -93. What is the highest common factor of t and p?
5
Let v = 144 - 140. Suppose -4*h + 5*f = 7*f - 260, v*h - 274 = 5*f. Calculate the highest common divisor of 6 and h.
6
Let p(x) = 15*x**2 - 5*x + 20. Let g be p(6). Suppose -9*i = 1745 - g. Let d be ((-68)/(-10) + 1)/((-3)/i). Calculate the highest common factor of 39 and d.
39
Let j(g) = 2*g**3 - 23*g**2 + 68*g + 8. Let r be j(9). Let c = 70 - 27. Calculate the greatest common factor of r and c.
43
Let f = -7868 - -8498. Calculate the highest common factor of 4473 and f.
63
Suppose 22254 - 5534 = 134*w - 129*w. What is the highest common divisor of w and 352?
176
Let y be 0/(1 - 0) - (-152)/38. Suppose -y*d + 4 = -676. Calculate the highest common factor of d and 10.
10
Let w(p) = p**3 + 18*p**2 - 14*p + 21. Suppose 47*j + 252 = 33*j. Let t be w(j). Calculate the greatest common factor of 84 and t.
21
Let o(q) = 14*q - 5. Let s be o(10). Let x be (-9)/(-12)*13/((-585)/(-300)). Calculate the highest common factor of x and s.
5
Let h = -9062 + 12465. What is the greatest common factor of 996 and h?
83
Let j(w) = 78*w + 16. Let z(o) = o**3 - 13*o**2 + 10*o + 26. Let b be z(12). Let g be j(b). Calculate the greatest common factor of g and 43.
43
Suppose -3*a + 72 = 5*b, 3*b + 24*a - 44 = 23*a. Calculate the greatest common divisor of 705 and b.
15
Suppose -2029*m + 2031*m = 5*f + 309, 5*m - 4*f - 764 = 0. Calculate the highest common factor of 247 and m.
19
Let x(s) = -3*s - 13. Suppose 7*f = -13 - 22. Let b be x(f). Let v be (6 + b + -6)/(1/11). Calculate the greatest common factor of 176 and v.
22
Let u(g) = 10*g**2 + 3*g - 4. Suppose 11*b = 15*b + 16. Let f = -6 - b. Let t be u(f). What is the highest common divisor of t and 45?
15
Suppose 515*m - 188*m = 1191915. Calculate the greatest common factor of 36 and m.
9
Let n be 12 + (-90)/6 - 70/(-2). What is the greatest common divisor of 96 and n?
32
Suppose 0 = 340*y - 332*y - 640. Let w = -35 - -75. Calculate the greatest common factor of w and y.
40
Let r be (0 - 1)*-7 + 205 + -145